
7
What is the greatest common divisor of 72 and 1737?
9
Calculate the greatest common divisor of 9563 and 393.
131
Calculate the greatest common divisor of 12 and 568.
4
Calculate the greatest common factor of 50 and 940.
10
Calculate the greatest common divisor of 2921 and 23.
23
Calculate the highest common divisor of 52 and 34021.
13
Calculate the greatest common factor of 10580 and 4.
4
What is the greatest common factor of 1664 and 1872?
208
What is the highest common factor of 42 and 3?
3
What is the greatest common factor of 105 and 21?
21
What is the highest common divisor of 110 and 5368?
22
What is the highest common factor of 621 and 27?
27
Calculate the highest common divisor of 177 and 8.
1
Calculate the greatest common divisor of 1 and 3.
1
Calculate the highest common factor of 925 and 175.
25
What is the highest common divisor of 44 and 484?
44
What is the highest common factor of 4 and 3036?
4
What is the greatest common factor of 38 and 722?
38
Calculate the greatest common factor of 149 and 36207.
149
What is the greatest common factor of 456 and 72?
24
What is the highest common factor of 513 and 2508?
57
What is the greatest common factor of 28566 and 36?
18
Calculate the greatest common divisor of 194 and 776.
194
Calculate the greatest common divisor of 76 and 484.
4
What is the greatest common divisor of 26 and 2314?
26
What is the greatest common divisor of 36 and 252?
36
Calculate the greatest common factor of 414 and 1173.
69
Calculate the greatest common divisor of 2392 and 728.
104
Calculate the greatest common factor of 36064 and 92.
92
What is the highest common factor of 252 and 1701?
63
What is the greatest common divisor of 500 and 1375?
125
What is the highest common divisor of 40 and 9700?
20
What is the highest common divisor of 730 and 4672?
146
What is the greatest common divisor of 1572 and 24?
12
What is the greatest common factor of 1258 and 518?
74
Calculate the greatest common divisor of 1798 and 124.
62
What is the highest common factor of 189 and 27?
27
What is the greatest common factor of 75 and 51?
3
What is the greatest common divisor of 115 and 20?
5
Calculate the highest common factor of 395 and 79.
79
Calculate the greatest common factor of 1071 and 63.
63
What is the greatest common factor of 250 and 2125?
125
Calculate the greatest common factor of 70 and 630.
70
Calculate the greatest common factor of 2607 and 33.
33
Calculate the greatest common divisor of 3255 and 105.
105
Calculate the highest common factor of 2175 and 87.
87
What is the greatest common divisor of 47 and 893?
47
What is the greatest common factor of 60 and 204?
12
What is the highest common factor of 6360 and 120?
120
Calculate the greatest common divisor of 33 and 357.
3
What is the greatest common divisor of 3445 and 130?
65
What is the highest common factor of 192 and 10848?
96
What is the greatest common factor of 78 and 13026?
78
What is the greatest common factor of 213 and 284?
71
What is the highest common factor of 2096 and 656?
16
What is the highest common factor of 75 and 3725?
25
What is the greatest common factor of 107 and 17548?
107
What is the greatest common factor of 2112 and 576?
192
What is the greatest common factor of 68 and 884?
68
What is the greatest common factor of 12 and 111?
3
Calculate the greatest common factor of 3 and 4.
1
Calculate the highest common divisor of 990 and 190.
10
Calculate the highest common divisor of 4698 and 58.
58
What is the greatest common divisor of 9 and 45?
9
Calculate the greatest common divisor of 1830 and 60.
30
Calculate the greatest common factor of 477 and 45.
9
What is the highest common divisor of 1461 and 3?
3
What is the highest common divisor of 81 and 135?
27
What is the highest common divisor of 14 and 3997?
7
What is the greatest common divisor of 500 and 300?
100
What is the greatest common factor of 45 and 2070?
45
Calculate the greatest common factor of 28767 and 129.
129
What is the greatest common divisor of 462 and 6?
6
Calculate the greatest common factor of 14 and 91.
7
What is the greatest common factor of 932 and 3?
1
Calculate the highest common divisor of 196 and 280.
28
Calculate the highest common divisor of 59 and 826.
59
What is the greatest common factor of 7680 and 165?
15
What is the greatest common divisor of 30 and 10?
10
Calculate the highest common factor of 360 and 12150.
90
Calculate the highest common factor of 145 and 203.
29
What is the greatest common divisor of 3408 and 48?
48
Calculate the greatest common divisor of 5427 and 162.
81
Calculate the highest common divisor of 2 and 50.
2
Calculate the highest common divisor of 102 and 7463.
17
Calculate the greatest common factor of 68 and 17884.
68
Calculate the greatest common divisor of 9472 and 74.
74
What is the greatest common factor of 231 and 147?
21
What is the highest common divisor of 782 and 2176?
34
What is the highest common factor of 752 and 32?
16
What is the greatest common divisor of 114 and 247?
19
What is the greatest common divisor of 35 and 154?
7
Calculate the highest common factor of 4 and 2.
2
What is the greatest common divisor of 154 and 110?
22
What is the greatest common divisor of 162 and 342?
18
What is the greatest common divisor of 3640 and 312?
104
Calculate the greatest common factor of 48 and 408.
24
Calculate the highest common divisor of 50 and 230.
10
What is the highest common divisor of 40 and 550?
10
Calculate the greatest common factor of 155 and 2759.
31
What is the highest common factor of 411 and 8357?
137
What is the greatest common factor of 11 and 2123?
11
What is the highest common divisor of 11985 and 235?
235
Calculate the greatest common factor of 56 and 40.
8
What is the greatest common divisor of 80 and 24920?
40
What is the highest common factor of 144 and 4014?
18
Calculate the greatest common divisor of 122 and 549.
61
Calculate the highest common factor of 3015 and 45.
45
Calculate the greatest common divisor of 608 and 95.
19
What is the highest common divisor of 28 and 182?
14
Calculate the greatest common divisor of 74 and 518.
74
What is the highest common factor of 43 and 1333?
43
What is the highest common factor of 184 and 16?
8
Calculate the greatest common divisor of 54 and 48.
6
What is the highest common divisor of 31 and 1271?
31
Calculate the highest common divisor of 495 and 135.
45
What is the greatest common factor of 1008 and 224?
112
Calculate the highest common factor of 50 and 7300.
50
Calculate the highest common divisor of 74 and 370.
74
What is the highest common divisor of 1302 and 294?
42
Calculate the highest common divisor of 89768 and 98.
98
What is the greatest common factor of 17 and 1343?
17
Calculate the highest common divisor of 119 and 14.
7
Calculate the highest common factor of 114 and 24.
6
Calculate the highest common divisor of 35 and 2884.
7
Calculate the highest common divisor of 159 and 212.
53
Calculate the highest common divisor of 226 and 7571.
113
Calculate the greatest common factor of 918 and 9.
9
What is the highest common divisor of 104 and 19864?
104
Calculate the greatest common divisor of 30 and 170.
10
What is the greatest common factor of 841 and 29?
29
What is the greatest common divisor of 100 and 4?
4
Calculate the greatest common factor of 46 and 14789.
23
Calculate the greatest common divisor of 3264 and 8.
8
Calculate the greatest common divisor of 38 and 285.
19
What is the highest common divisor of 572 and 880?
44
Calculate the highest common factor of 221 and 119.
17
Calculate the highest common divisor of 576 and 18.
18
Calculate the highest common divisor of 8 and 260.
4
What is the highest common factor of 14 and 178?
2
Calculate the highest common divisor of 451 and 121.
11
Calculate the highest common factor of 345 and 48.
3
Calculate the highest common factor of 267 and 3.
3
Calculate the greatest common divisor of 48708 and 164.
164
Calculate the greatest common factor of 132 and 2442.
66
Calculate the highest common factor of 23 and 621.
23
What is the highest common divisor of 7936 and 62?
62
Calculate the greatest common divisor of 56 and 609.
7
Calculate the highest common factor of 260 and 80.
20
What is the greatest common factor of